s 191 a factor of 5220?
False
Does 40 divide 2598?
False
Is 490 a multiple of 10?
True
Is 18074 a multiple of 7?
True
Does 18 divide 35682?
False
Is 12 a factor of 51240?
True
Is 14 a factor of 1582?
True
Is 37 a factor of 555?
True
Is 1863 a multiple of 69?
True
Does 60 divide 23460?
True
Is 201 a multiple of 11?
False
Is 5 a factor of 1191?
False
Is 1152 a multiple of 48?
True
Does 15 divide 13185?
True
Does 24 divide 103152?
True
Is 1016 a multiple of 23?
False
Is 558 a multiple of 12?
False
Is 14 a factor of 111034?
True
Is 12 a factor of 1152?
True
Does 91 divide 2488?
False
Does 15 divide 6825?
True
Is 5 a factor of 12546?
False
Does 20 divide 33000?
True
Is 561 a multiple of 10?
False
Does 52 divide 1968?
False
Is 101796 a multiple of 138?
False
Is 3 a factor of 61?
False
Does 36 divide 9400?
False
Is 1270 a multiple of 3?
False
Is 11 a factor of 3173?
False
Is 14 a factor of 364?
True
Does 9 divide 1386?
True
Is 9 a factor of 126?
True
Is 31 a factor of 608?
False
Does 7 divide 405?
False
Is 8 a factor of 13227?
False
Is 82 a factor of 12014?
False
Does 32 divide 4926?
False
Is 285 a multiple of 3?
True
Is 5040 a multiple of 40?
True
Is 22743 a multiple of 170?
False
Does 23 divide 84962?
True
Is 12 a factor of 8160?
True
Is 1980 a multiple of 33?
True
Is 45 a factor of 945?
True
Does 5 divide 8225?
True
Is 4507 a multiple of 20?
False
Does 23 divide 51?
False
Is 76206 a multiple of 13?
True
Is 169 a multiple of 4?
False
Does 11 divide 88?
True
Is 74958 a multiple of 93?
True
Is 2537 a multiple of 119?
False
Does 25 divide 1575?
True
Is 30420 a multiple of 9?
True
Does 127 divide 34567?
False
Does 64 divide 832?
True
Is 1336 a multiple of 13?
False
Does 93 divide 2588?
False
Does 10 divide 1075?
False
Is 675 a multiple of 11?
False
Is 510 a multiple of 34?
True
Is 22 a factor of 3608?
True
Does 33 divide 2288?
False
Does 10 divide 17733?
False
Is 7 a factor of 8183?
True
Is 2508 a multiple of 12?
True
Is 19 a factor of 3610?
True
Is 41 a factor of 1107?
True
Is 900 a multiple of 75?
True
Does 5 divide 37?
False
Is 31 a factor of 589?
True
Is 27 a factor of 3284?
False
Is 9 a factor of 11513?
False
Does 12 divide 77610?
False
Does 12 divide 1260?
True
Is 3398 a multiple of 41?
False
Is 12 a factor of 8703?
False
Is 79903 a multiple of 22?
False
Does 11 divide 134692?
False
Is 17082 a multiple of 121?
False
Is 47 a factor of 119?
False
Is 33237 a multiple of 27?
True
Is 1224 a multiple of 24?
True
Is 179 a multiple of 19?
False
Is 127 a factor of 2159?
True
Does 122 divide 6588?
True
Is 26 a factor of 679?
False
Is 1424 a multiple of 16?
True
Does 15 divide 28470?
True
Is 924 a multiple of 28?
True
Is 219 a multiple of 31?
False
Is 35 a factor of 35?
True
Does 56 divide 280?
True
Is 12 a factor of 179?
False
Is 66 a multiple of 15?
False
Is 2660 a multiple of 14?
True
Is 2592 a multiple of 9?
True
Does 5 divide 320?
True
Does 14 divide 173?
False
Does 6 divide 52?
False
Is 38 a factor of 25223?
False
Does 14 divide 56?
True
Does 11 divide 869?
True
Is 2140 a multiple of 20?
True
Is 18 a factor of 4806?
True
Does 6 divide 6438?
True
Is 2470 a multiple of 15?
False
Is 123550 a multiple of 264?
False
Is 15925 a multiple of 11?
False
Does 4 divide 3044?
True
Is 19 a factor of 15314?
True
Is 96 a multiple of 5?
False
Does 4 divide 4576?
True
Does 71 divide 35965?
False
Is 792 a multiple of 7?
False
Does 206 divide 17510?
True
Is 14699 a multiple of 14?
False
Is 10 a factor of 50?
True
Is 7 a factor of 1673?
True
Is 167 a multiple of 3?
False
Does 38 divide 12122?
True
Is 1518 a multiple of 13?
False
Does 11 divide 138647?
False
Does 47 divide 974?
False
Does 6 divide 564?
True
Does 96 divide 2901?
False
Is 112 a factor of 45231?
False
Is 1460 a multiple of 6?
False
Does 82 divide 4264?
True
Does 116 divide 41854?
False
Is 12 a factor of 267?
False
Is 12895 a multiple of 102?
False
Is 1358 a multiple of 92?
False
Is 29925 a multiple of 35?
True
Is 656 a multiple of 96?
False
Does 24 divide 518?
False
Does 89 divide 14151?
True
Does 40 divide 1480?
True
Is 3951 a multiple of 12?
False
Is 798 a multiple of 14?
True
Does 6 divide 10574?
False
Does 2 divide 189?
False
Is 31939 a multiple of 24?
False
Is 317 a multiple of 215?
False
Is 55728 a multiple of 27?
True
Is 2723 a multiple of 74?
False
Is 60 a factor of 25560?
True
Is 432 a multiple of 6?
True
Is 19 a factor of 5291?
False
Is 43 a factor of 156821?
True
Does 13 divide 6487?
True
Is 99 a factor of 1328?
False
Is 835 a multiple of 5?
True
Is 2316 a multiple of 64?
False
Is 9 a factor of 2043?
True
Does 136 divide 24032?
False
Is 6439 a multiple of 47?
True
Is 10007 a multiple of 2?
False
Is 54 a factor of 1026?
True
Is 33448 a multiple of 71?
False
Does 10 divide 161?
False
Is 26 a factor of 625?
False
Is 10366 a multiple of 33?
False
Does 4 divide 365?
False
Is 16852 a multiple of 22?
True
Does 117 divide 13309?
False
Is 5 a factor of 1502?
False
Does 48 divide 26039?
False
Is 732 a multiple of 7?
False
Is 83400 a multiple of 40?
True
Is 9 a factor of 238?
False
Is 13216 a multiple of 39?
False
Does 15 divide 49740?
True
Is 24 a factor of 14649?
False
Does 23 divide 1817?
True
Is 1278 a multiple of 33?
False
Is 26 a factor of 7072?
True
Is 80 a factor of 1760?
True
Does 39 divide 1755?
True
Is 1716 a multiple of 118?
False
Is 19435 a multiple of 102?
False
Is 13 a factor of 520?
True
Does 65 divide 3865?
False
Does 18 divide 41593?
False
Does 51 divide 7803?
True
Is 26623 a multiple of 47?
False
Does 60 divide 30393?
False
Does 68 divide 39984?
True
Does 18 divide 234?
True
Does 85 divide 10370?
True
Is 15 a factor of 2520?
True
Is 18 a factor of 49914?
True
Does 29 divide 3915?
True
Is 33 a factor of 1141?
False
Is 31 a factor of 29017?
False
Does 15 divide 1311?
False
Is 182 a multiple of 13?
True
Does 20 divide 2020?
True
Is 760 a multiple of 18?
False
Is 1069 a multiple of 69?
False
Does 4 divide 4693?
False
Does 2 divide 50?
True
Is 859 a multiple of 16?
False
Does 6 divide 30?
True
Is 16 a factor of 55?
False
Is 24930 a multiple of 90?
True
Does 129 divide 9489?
False
Does 5 divide 393?
False
Is 9071 a multiple of 47?
True
Is 71 a factor of 26270?
True
Is 3 a factor of 482?
False
Is 2415 a multiple of 117?
False
Does 13 divide 7306?
True
Is 37 a factor of 2590?
True
Does 27 divide 7533?
True
Is 21193 a multiple of 11?
False
Is 12 a factor of 506?
False
Is 1190 a multiple of 35?
True
Is 90 a factor of 2055?
False
Does 5 divide 84?
False
Does 164 divide 18696?
True
Is 1121 a multiple of 19?
True
Does 13 divide 128?
False
Does 107 divide 18400?
False
Is 34019 a multiple of 17?
False
Is 347 a factor of 29486?
False
Is 4095 a multiple of 18?
False
Is 300 a multiple of 100?
True
Does 12 divide 5664?
True
Is 554 a multiple of 23?
False
Does 33 divide 1419?
True
Does 84 divide 2924?
False
Is 31209 a multiple of 303?
True
Does 21 divide 80703?
True
Is 244 a factor of 24734?
False
Does 61 divide 3408?
False
Is 34 a factor of 1352?
False
Is 27165 a multiple of 132?
False
Is 9 a factor of 43?
False
Is 167 a factor of 17659?
False
Is 396 a factor of 50688?
True
Is 43 a factor of 645?
True
Is 12 a factor of 101640?
True
Is 6593 a multiple of 178?
False
Is 198 a multiple of 62?
False
Is 64 a factor of 28352?
True
Does 15 divide 56107?
False
Is 4602 a multiple of 45?
False
Does 7 divide 10892?
True
Does 28 divide 2940?
True
Is 2 a factor of 2721?
False
Is 3811 a multiple of 37?
True
Does 53 divide 583?
True
Is 17901 a multiple of 63?
False
Does 60 divide 29660?
False
Is 109 a factor of 2176?
False
Does 7 divide 3490?
False
Is 2296 a multiple of 4?
True
Does 4 divide 147?
False
Is 12 a factor of 13190?
False
Is 2795 a multiple of 169?
False
Is 23772 a multiple of 42?
True
Is 92 a factor of 3810?
False
Is 261 a multiple of 42?
False
Is 22 a factor of 1139?
False
Does 14 divide 441?
False
Is 11 a factor of 19547?
True
Is 7398 a multiple of 121?
False
Does 40 divide 650?
False
Is 15 a factor of 2607?
False
Is 25 a factor of 1900?
True
Is 17325 a multiple of 105?
True
Is 393 a multiple of 3?
True
Does 23 divide 565?
False
Is 407 a multiple of 22?
False
Is 52 a factor of 2464?
False
Does 17 divide 1884?
False
Is 1633 a multiple of 23?
True
Does 50 divide 3000?
True
Is 14 a factor of 938?
True
Is 29 a